ds digit of 2773382668?
3
What is the tens digit of 43069904?
0
What is the tens digit of 1319715040?
4
What is the millions digit of 141918399?
1
What is the ten thousands digit of 83051172?
5
What is the millions digit of 550110954?
0
What is the billions digit of 3025609932?
3
What is the thousands digit of 126668992?
8
What is the thousands digit of 124097112?
7
What is the hundred thousands digit of 913179197?
1
What is the thousands digit of 307490437?
0
What is the tens digit of 879638188?
8
What is the hundreds digit of 195924246?
2
What is the hundreds digit of 3267669515?
5
What is the hundred thousands digit of 260858385?
8
What is the ten thousands digit of 188235920?
3
What is the thousands digit of 40636870?
6
What is the hundreds digit of 42404561?
5
What is the hundreds digit of 6826960?
9
What is the hundred thousands digit of 52345882?
3
What is the tens digit of 2050894298?
9
What is the hundreds digit of 542532893?
8
What is the units digit of 58201024?
4
What is the thousands digit of 3971186069?
6
What is the billions digit of 3610141018?
3
What is the tens digit of 318469584?
8
What is the hundreds digit of 2466056899?
8
What is the units digit of 78400832?
2
What is the hundred millions digit of 107226765?
1
What is the hundred thousands digit of 1737751868?
7
What is the millions digit of 5461624687?
1
What is the ten millions digit of 3717399050?
1
What is the hundreds digit of 66556688?
6
What is the thousands digit of 2906213715?
3
What is the hundreds digit of 1473257053?
0
What is the ten thousands digit of 2913030013?
3
What is the tens digit of 36221988?
8
What is the ten thousands digit of 883965958?
6
What is the hundred thousands digit of 99571394?
5
What is the units digit of 187137196?
6
What is the hundred thousands digit of 5462454293?
4
What is the billions digit of 2734452794?
2
What is the units digit of 317354221?
1
What is the thousands digit of 424537654?
7
What is the hundreds digit of 201097564?
5
What is the ten thousands digit of 1917141770?
4
What is the ten thousands digit of 47265365?
6
What is the ten millions digit of 197705024?
9
What is the thousands digit of 48871886?
1
What is the millions digit of 139741431?
9
What is the tens digit of 102399658?
5
What is the millions digit of 69698177?
9
What is the tens digit of 2195095100?
0
What is the thousands digit of 486636746?
6
What is the tens digit of 80941352?
5
What is the hundred millions digit of 1627102216?
6
What is the tens digit of 420191470?
7
What is the thousands digit of 170063?
0
What is the hundred thousands digit of 96681791?
6
What is the hundred millions digit of 317180712?
3
What is the millions digit of 186763006?
6
What is the hundreds digit of 76257136?
1
What is the ten millions digit of 56944135?
5
What is the tens digit of 37647144?
4
What is the hundreds digit of 2113963289?
2
What is the ten thousands digit of 1029135369?
3
What is the hundred thousands digit of 725496823?
4
What is the ten thousands digit of 21478744?
7
What is the thousands digit of 49061451?
1
What is the tens digit of 1254755931?
3
What is the thousands digit of 110362725?
2
What is the ten thousands digit of 128821597?
2
What is the billions digit of 2524190191?
2
What is the thousands digit of 142406021?
6
What is the ten thousands digit of 2296664705?
6
What is the ten thousands digit of 28662257?
6
What is the hundred thousands digit of 11437536?
4
What is the hundred millions digit of 1353889470?
3
What is the millions digit of 10834176?
0
What is the ten thousands digit of 197333052?
3
What is the hundred millions digit of 6115317877?
1
What is the millions digit of 43151996?
3
What is the hundred thousands digit of 1070792369?
7
What is the millions digit of 1657950?
1
What is the units digit of 553666809?
9
What is the tens digit of 30423015?
1
What is the hundred thousands digit of 141710821?
7
What is the ten millions digit of 19302317?
1
What is the hundreds digit of 46184008?
0
What is the millions digit of 556137206?
6
What is the millions digit of 5311810376?
1
What is the hundred thousands digit of 999093430?
0
What is the millions digit of 849766057?
9
What is the hundreds digit of 168551889?
8
What is the hundreds digit of 394112319?
3
What is the tens digit of 4974672?
7
What is the units digit of 17735352?
2
What is the hundred thousands digit of 890372924?
3
What is the units digit of 4676570889?
9
What is the hundreds digit of 80054525?
5
What is the units digit of 52256127?
7
What is the units digit of 20977147?
7
What is the millions digit of 27708340?
7
What is the millions digit of 168047431?
8
What is the hundred thousands digit of 13960321?
9
What is the ten millions digit of 8172356221?
7
What is the tens digit of 53184331?
3
What is the tens digit of 1643302015?
1
What is the thousands digit of 78699519?
9
What is the hundreds digit of 1500436947?
9
What is the tens digit of 1424169903?
0
What is the units digit of 3868941179?
9
What is the tens digit of 6562842?
4
What is the hundred thousands digit of 68089447?
0
What is the tens digit of 41435965?
6
What is the hundreds digit of 88903454?
4
What is the units digit of 42297778?
8
What is the millions digit of 2847308971?
7
What is the ten thousands digit of 1423408?
2
What is the tens digit of 52152058?
5
What is the millions digit of 3805743530?
5
What is the ten millions digit of 45744535?
4
What is the hundreds digit of 31327280?
2
What is the ten millions digit of 140945342?
4
What is the hundreds digit of 1562030958?
9
What is the tens digit of 319890646?
4
What is the ten millions digit of 333901355?
3
What is the thousands digit of 99878588?
8
What is the millions digit of 73853566?
3
What is the hundred thousands digit of 38301612?
3
What is the thousands digit of 697034970?
4
What is the billions digit of 4607961425?
4
What is the hundred thousands digit of 81092079?
0
What is the tens digit of 981771161?
6
What is the thousands digit of 885208259?
8
What is the millions digit of 361555839?
1
What is the millions digit of 567660040?
7
What is the millions digit of 865783136?
5
What is the units digit of 72317141?
1
What is the units digit of 113680063?
3
What is the hundred millions digit of 236114452?
2
What is the ten millions digit of 2128456682?
2
What is the units digit of 12957316?
6
What is the ten thousands digit of 31961758?
6
What is the ten thousands digit of 636654301?
5
What is the hundred thousands digit of 2044776147?
7
What is the millions digit of 81932404?
1
What is the tens digit of 455546963?
6
What is the ten thousands digit of 233911874?
1
What is the millions digit of 55467814?
5
What is the ten millions digit of 847619607?
4
What is the millions digit of 29556873?
9
What is the units digit of 186915628?
8
What is the thousands digit of 251323895?
3
What is the hundreds digit of 659236195?
1
What is the hundred thousands digit of 1380586682?
5
What is the ten thousands digit of 673629169?
2
What is the units digit of 4069266835?
5
What is the tens digit of 11784917?
1
What is the hundred millions digit of 518467740?
5
What is the millions digit of 1789495420?
9
What is the hundreds digit of 2403939127?
1
What is the hundreds digit of 707932404?
4
What is the thousands digit of 44747511?
7
What is the thousands digit of 3185258982?
8
What is the ten thousands digit of 67138558?
3
What is the ten millions digit of 65959150?
6
What is the thousands digit of 77807229?
7
What is the hundred thousands digit of 316676915?
6
What is the hundred millions digit of 107366373?
1
What is the ten thousands digit of 973763679?
6
What is the hundred millions digit of 508612509?
5
What is the hundreds digit of 6973718385?
3
What is the units digit of 1617664?
4
What is the hundred millions digit of 3772967249?
7
What is the hundred thousands digit of 27504985?
5
What is the units digit of 38105863?
3
What is the hundreds digit of 881167058?
0
What is the thousands digit of 133009994?
9
What is the millions digit of 120595812?
0
What is the ten thousands digit of 23396640?
9
What is the millions digit of 146333498?
6
What is the ten millions digit of 235049299?
3
What is the millions digit of 5581701?
5
What is the thousands digit of 163619731?